e highest common divisor of 518385 and 875.
35
Calculate the highest common divisor of 3624 and 21580014.
906
What is the highest common divisor of 401588 and 1606?
22
What is the highest common divisor of 9070 and 412671395?
4535
Calculate the highest common factor of 5762 and 935696942.
5762
Calculate the highest common factor of 88 and 1683128.
8
Calculate the highest common divisor of 49863068 and 140562.
5206
What is the highest common factor of 754 and 86190494?
754
Calculate the highest common divisor of 5353155 and 180.
45
What is the highest common divisor of 40080 and 163120?
80
What is the greatest common divisor of 4825 and 2901300?
25
What is the highest common divisor of 3169936 and 527216?
1328
Calculate the highest common factor of 176 and 15996112.
176
What is the greatest common divisor of 70 and 2281990?
10
What is the highest common divisor of 120 and 1837035?
15
Calculate the highest common factor of 14356 and 9371434.
74
What is the highest common divisor of 227843 and 163471?
847
Calculate the greatest common factor of 42895 and 8420475.
1865
What is the greatest common factor of 39 and 159389997?
39
What is the greatest common divisor of 72028548 and 2168?
1084
What is the greatest common divisor of 1307055 and 7347?
237
What is the highest common divisor of 2984518 and 3396?
566
What is the highest common factor of 87982034 and 3745?
749
What is the highest common divisor of 23787 and 51979?
881
What is the greatest common divisor of 44689358 and 4648?
1162
What is the highest common divisor of 12212 and 1168337305?
3053
Calculate the greatest common divisor of 20 and 527269060.
20
Calculate the highest common divisor of 438 and 202431409.
73
What is the greatest common divisor of 102249412 and 132544?
8284
Calculate the highest common divisor of 14 and 535488.
2
Calculate the highest common factor of 163459 and 59987.
223
What is the highest common factor of 13194519 and 1248?
39
What is the greatest common divisor of 23538130 and 1210?
1210
Calculate the greatest common divisor of 21070895 and 234205.
7555
What is the greatest common divisor of 1912461920 and 5920?
5920
What is the greatest common divisor of 184 and 3182312?
8
What is the greatest common factor of 352656 and 2054?
158
Calculate the greatest common factor of 74057 and 123085.
103
Calculate the greatest common divisor of 2842320 and 77320.
40
What is the greatest common factor of 523356 and 13296?
12
What is the greatest common divisor of 7608576 and 1544?
8
Calculate the highest common divisor of 16898425 and 10625.
425
Calculate the greatest common divisor of 8523 and 3357.
9
What is the highest common factor of 27601591 and 29?
29
Calculate the highest common divisor of 459643246 and 596.
298
Calculate the highest common factor of 496 and 8217976.
248
Calculate the greatest common divisor of 756378 and 812.
406
What is the greatest common divisor of 295 and 14983994?
59
Calculate the greatest common factor of 63 and 7351428.
21
What is the greatest common factor of 6272 and 6540618?
98
What is the greatest common divisor of 1240610 and 616?
14
What is the greatest common factor of 891 and 1645567?
11
Calculate the greatest common factor of 9870 and 964487.
47
What is the greatest common divisor of 4836 and 6541899?
1209
Calculate the greatest common divisor of 135558 and 25398.
306
What is the highest common divisor of 182590 and 11020?
190
Calculate the greatest common divisor of 1586 and 101699078.
1586
What is the highest common divisor of 17326224 and 10044?
324
What is the highest common factor of 15287180 and 17368?
668
Calculate the greatest common divisor of 812 and 337092.
28
Calculate the greatest common divisor of 10244 and 382585229.
2561
Calculate the greatest common divisor of 48755098 and 1078.
98
What is the greatest common factor of 522 and 797922?
18
Calculate the greatest common divisor of 16162233 and 10524.
2631
Calculate the highest common divisor of 324 and 119492982.
162
What is the highest common factor of 25433454 and 186?
186
What is the highest common factor of 203098 and 10858?
178
Calculate the highest common factor of 2577942 and 2955.
591
Calculate the greatest common divisor of 5024824 and 308.
28
What is the greatest common factor of 434 and 76144525?
31
Calculate the greatest common factor of 1698490 and 55180.
310
What is the highest common factor of 9338796 and 12?
12
What is the highest common factor of 69 and 18183593?
23
Calculate the greatest common factor of 67663 and 116866.
71
What is the greatest common divisor of 252306 and 5274?
18
Calculate the highest common factor of 273852 and 32202.
18
What is the highest common factor of 44522 and 280922?
394
Calculate the highest common divisor of 3887913 and 114.
57
Calculate the greatest common factor of 52 and 35833811.
13
What is the highest common divisor of 12 and 125760828?
12
Calculate the greatest common factor of 14428385 and 75.
5
Calculate the highest common divisor of 70280760 and 1776.
888
Calculate the highest common divisor of 1513740 and 1620.
60
Calculate the highest common divisor of 4571 and 8440678.
653
What is the highest common factor of 75 and 10945410?
15
Calculate the greatest common divisor of 32403 and 7819.
7
Calculate the highest common divisor of 12833 and 346409.
41
Calculate the greatest common divisor of 7784 and 57535436.
3892
Calculate the highest common divisor of 909054 and 8505.
9
Calculate the highest common divisor of 1813 and 3524102.
37
What is the greatest common factor of 311787 and 1024884?
3087
Calculate the highest common divisor of 364 and 22522084.
52
Calculate the greatest common divisor of 730 and 5689328.
146
Calculate the greatest common divisor of 3451603 and 2.
1
What is the greatest common divisor of 332 and 87172244?
332
Calculate the greatest common divisor of 5762 and 1146208.
86
Calculate the highest common divisor of 722574 and 78354.
54
What is the greatest common factor of 631862 and 3388?
1694
What is the greatest common factor of 561 and 3033063?
33
What is the highest common divisor of 20767110 and 1110?
30
Calculate the highest common divisor of 36 and 458874594.
18
Calculate the greatest common divisor of 605291 and 667.
23
Calculate the highest common factor of 3134886 and 3084.
1542
What is the greatest common divisor of 2254 and 13676306?
322
What is the highest common factor of 6852 and 132139107?
1713
Calculate the greatest common divisor of 325 and 6017600.
25
What is the greatest common factor of 597 and 88972701?
597
What is the greatest common factor of 57602 and 893080?
166
Calculate the highest common factor of 18949071 and 543.
543
Calculate the greatest common factor of 97850 and 9831350.
5150
Calculate the greatest common factor of 154798 and 2772.
14
What is the greatest common factor of 4720 and 475589560?
2360
Calculate the highest common divisor of 17182 and 7550708.
1562
Calculate the highest common divisor of 50544 and 2108592.
1296
Calculate the highest common divisor of 15530 and 269160.
10
What is the highest common factor of 25201392 and 1840?
16
Calculate the greatest common factor of 266 and 1270738.
14
Calculate the greatest common divisor of 795463 and 2035.
37
Calculate the greatest common factor of 12003085 and 3544.
443
Calculate the highest common divisor of 1208 and 4560804.
604
Calculate the highest common factor of 84 and 1440726.
42
Calculate the greatest common divisor of 26809 and 1165403.
1577
What is the highest common divisor of 26159943 and 261?
87
What is the greatest common divisor of 524693 and 4303?
13
What is the greatest common factor of 46932 and 16332?
12
Calculate the highest common divisor of 4093 and 5153.
1
Calculate the highest common factor of 3328065 and 130.
65
What is the highest common factor of 430485236 and 1478?
1478
What is the greatest common divisor of 6958032 and 6528?
816
Calculate the highest common divisor of 54 and 80251212.
6
What is the highest common divisor of 84 and 3547194?
42
Calculate the highest common factor of 18178040 and 5.
5
Calculate the greatest common factor of 5662180 and 8.
4
What is the greatest common divisor of 6148 and 35148?
116
Calculate the highest common factor of 559 and 10818210.
13
Calculate